at is the remainder when 28143 is divided by 138?
129
Calculate the remainder when 109235 is divided by 369.
11
What is the remainder when 1567 is divided by 15?
7
Calculate the remainder when 323665 is divided by 17981.
7
Calculate the remainder when 12654 is divided by 437.
418
Calculate the remainder when 695812 is divided by 173952.
4
Calculate the remainder when 1895 is divided by 784.
327
What is the remainder when 65955 is divided by 138?
129
Calculate the remainder when 9579 is divided by 320.
299
What is the remainder when 766 is divided by 10?
6
What is the remainder when 850173 is divided by 216?
213
Calculate the remainder when 61467 is divided by 90.
87
What is the remainder when 2226 is divided by 191?
125
What is the remainder when 113952 is divided by 223?
222
Calculate the remainder when 69720 is divided by 34829.
62
Calculate the remainder when 790930 is divided by 12.
10
What is the remainder when 1868 is divided by 88?
20
What is the remainder when 956158 is divided by 9?
7
What is the remainder when 69722 is divided by 30?
2
Calculate the remainder when 10348 is divided by 109.
102
Calculate the remainder when 28073 is divided by 342.
29
What is the remainder when 40850 is divided by 4528?
98
Calculate the remainder when 2777089 is divided by 82.
77
Calculate the remainder when 1085 is divided by 46.
27
Calculate the remainder when 6918 is divided by 290.
248
Calculate the remainder when 144850 is divided by 2455.
5
Calculate the remainder when 12048 is divided by 18.
6
Calculate the remainder when 799142 is divided by 138.
122
What is the remainder when 4252 is divided by 112?
108
Calculate the remainder when 2590601 is divided by 863528.
17
What is the remainder when 2624697 is divided by 17?
16
What is the remainder when 107580 is divided by 3164?
4
What is the remainder when 4228 is divided by 147?
112
What is the remainder when 105386 is divided by 15?
11
Calculate the remainder when 309014 is divided by 4233.
5
Calculate the remainder when 53673 is divided by 61.
54
What is the remainder when 43411 is divided by 457?
453
What is the remainder when 19218 is divided by 47?
42
Calculate the remainder when 3621 is divided by 3564.
57
What is the remainder when 140544 is divided by 76?
20
Calculate the remainder when 3561 is divided by 211.
185
What is the remainder when 601 is divided by 314?
287
Calculate the remainder when 405954 is divided by 291.
9
What is the remainder when 504 is divided by 108?
72
Calculate the remainder when 7978 is divided by 845.
373
Calculate the remainder when 932787 is divided by 15.
12
What is the remainder when 25906 is divided by 7?
6
Calculate the remainder when 4387 is divided by 1446.
49
What is the remainder when 2019 is divided by 235?
139
What is the remainder when 222413 is divided by 4?
1
Calculate the remainder when 80480 is divided by 16094.
10
Calculate the remainder when 2922 is divided by 102.
66
What is the remainder when 267 is divided by 236?
31
Calculate the remainder when 868 is divided by 126.
112
What is the remainder when 686 is divided by 12?
2
What is the remainder when 33326 is divided by 23?
22
Calculate the remainder when 1500997 is divided by 674.
673
Calculate the remainder when 524 is divided by 47.
7
Calculate the remainder when 3657 is divided by 122.
119
What is the remainder when 35718 is divided by 9?
6
What is the remainder when 5671 is divided by 126?
1
Calculate the remainder when 260414 is divided by 10.
4
What is the remainder when 4472 is divided by 968?
600
Calculate the remainder when 2026 is divided by 521.
463
Calculate the remainder when 763 is divided by 250.
13
Calculate the remainder when 241524 is divided by 80508.
0
Calculate the remainder when 4028 is divided by 267.
23
Calculate the remainder when 276932 is divided by 302.
300
Calculate the remainder when 68975 is divided by 13.
10
What is the remainder when 9873 is divided by 499?
392
What is the remainder when 1031 is divided by 128?
7
What is the remainder when 12483 is divided by 418?
361
What is the remainder when 2218 is divided by 49?
13
What is the remainder when 249472 is divided by 86?
72
Calculate the remainder when 152 is divided by 59.
34
Calculate the remainder when 31214 is divided by 128.
110
What is the remainder when 131434 is divided by 18?
16
What is the remainder when 221840 is divided by 188?
0
What is the remainder when 156916 is divided by 37?
36
Calculate the remainder when 5986 is divided by 996.
10
What is the remainder when 42485 is divided by 143?
14
Calculate the remainder when 33327 is divided by 148.
27
Calculate the remainder when 215 is divided by 79.
57
What is the remainder when 14947 is divided by 25?
22
What is the remainder when 88576 is divided by 22131?
52
What is the remainder when 425535 is divided by 135?
15
What is the remainder when 854 is divided by 830?
24
What is the remainder when 12543 is divided by 3127?
35
Calculate the remainder when 4183 is divided by 182.
179
Calculate the remainder when 79557 is divided by 25.
7
Calculate the remainder when 2898 is divided by 946.
60
What is the remainder when 157651 is divided by 14?
11
Calculate the remainder when 688 is divided by 7.
2
What is the remainder when 14553 is divided by 1322?
11
What is the remainder when 2238671 is divided by 57?
53
What is the remainder when 1010 is divided by 425?
160
What is the remainder when 42107 is divided by 620?
567
Calculate the remainder when 6392 is divided by 268.
228
Calculate the remainder when 18440 is divided by 3072.
8
What is the remainder when 4634 is divided by 290?
284
What is the remainder when 4172 is divided by 1302?
266
What is the remainder when 850 is divided by 29?
9
Calculate the remainder when 143009 is divided by 1624.
97
Calculate the remainder when 6439 is divided by 45.
4
What is the remainder when 12154 is divided by 163?
92
Calculate the remainder when 74847 is divided by 4674.
63
What is the remainder when 5041 is divided by 32?
17
What is the remainder when 2951 is divided by 979?
14
What is the remainder when 525 is divided by 356?
169
Calculate the remainder when 2767 is divided by 682.
39
Calculate the remainder when 8517 is divided by 167.
0
Calculate the remainder when 4432 is divided by 186.
154
What is the remainder when 240031 is divided by 267?
265
What is the remainder when 2016 is divided by 13?
1
What is the remainder when 13085 is divided by 79?
50
Calculate the remainder when 521 is divided by 134.
119
What is the remainder when 11041 is divided by 245?
16
What is the remainder when 166228 is divided by 55406?
10
What is the remainder when 80948 is divided by 58?
38
What is the remainder when 2868 is divided by 67?
54
What is the remainder when 3502 is divided by 203?
51
Calculate the remainder when 441 is divided by 29.
6
Calculate the remainder when 29023 is divided by 725.
23
Calculate the remainder when 29008 is divided by 14491.
26
What is the remainder when 67903 is divided by 22614?
61
Calculate the remainder when 2201 is divided by 852.
497
Calculate the remainder when 21826 is divided by 162.
118
What is the remainder when 3938 is divided by 297?
77
Calculate the remainder when 4252 is divided by 569.
269
What is the remainder when 86577 is divided by 69?
51
Calculate the remainder when 27955 is divided by 102.
7
Calculate the remainder when 4352 is divided by 1426.
74
What is the remainder when 2036183 is divided by 9?
5
What is the remainder when 16083 is divided by 16059?
24
What is the remainder when 94347 is divided by 15?
12
Calculate the remainder when 93 is divided by 19.
17
Calculate the remainder when 29251 is divided by 788.
95
What is the remainder when 396103 is divided by 255?
88
Calculate the remainder when 47420 is divided by 23.
17
What is the remainder when 1401 is divided by 295?
221
Calculate the remainder when 3029 is divided by 216.
5
What is the remainder when 39004 is divided by 271?
251
What is the remainder when 767789 is divided by 94?
91
Calculate the remainder when 294636 is divided by 127.
123
Calculate the remainder when 477138 is divided by 68160.
18
Calculate the remainder when 22858 is divided by 120.
58
What is the remainder when 7404 is divided by 1453?
139
What is